-d8 (base 16) to base 9.
-260
What is 360 (base 8) in base 6?
1040
Convert 10 (base 13) to base 6.
21
Convert -10313 (base 4) to base 16.
-137
-110110100001010 (base 2) to base 16
-6d0a
Convert 3037 (base 12) to base 6.
40111
What is -1111100010 (base 2) in base 7?
-2620
Convert 3201 (base 5) to base 4.
12222
Convert -12252 (base 7) to base 2.
-110010010110
-96 (base 12) to base 7
-222
What is 288 (base 10) in base 5?
2123
-68712 (base 10) to base 4
-100301220
-3506 (base 15) to base 2
-10101111111000
-c6c (base 16) to base 3
-11100210
What is -3d6 (base 14) in base 6?
-3332
-a3f (base 16) to base 3
-10121011
-10b (base 15) to base 4
-3230
-408b (base 16) to base 11
-11461
-507 (base 14) to base 4
-33123
Convert 3120 (base 5) to base 7.
1124
Convert -111101 (base 7) to base 15.
-5c1b
140 (base 15) to base 3
101120
33345 (base 8) to base 11
a616
Convert 13000010 (base 4) to base 16.
7004
What is -31141 (base 8) in base 12?
-7569
Convert -290b (base 13) to base 14.
-2234
Convert -310302 (base 5) to base 7.
-41244
Convert 3324131 (base 5) to base 10.
58041
Convert 1221000121 (base 3) to base 6.
451324
Convert 315 (base 16) to base 9.
1066
548 (base 9) to base 8
701
Convert -100001111111 (base 2) to base 16.
-87f
Convert 1782 (base 16) to base 4.
1132002
Convert 316251 (base 7) to base 11.
38373
-110102 (base 4) to base 7
-3533
1000001111001 (base 2) to base 16
1079
-df9 (base 16) to base 14
-1437
-20235 (base 6) to base 15
-be2
What is 23131 (base 4) in base 11?
607
Convert -133303 (base 6) to base 11.
-9374
Convert 1254 (base 7) to base 8.
740
1264 (base 10) to base 9
1654
Convert -11153 (base 6) to base 9.
-2146
Convert 31c2 (base 15) to base 11.
7a05
Convert 1a7b8 (base 12) to base 8.
114374
What is -335 (base 9) in base 7?
-542
Convert 168 (base 14) to base 5.
2123
-7ac1 (base 13) to base 10
-17226
-4217 (base 9) to base 5
-44334
What is -1000101010111001 (base 2) in base 11?
-24755
Convert -123020 (base 4) to base 10.
-1736
2575 (base 8) to base 13
841
a00 (base 13) to base 2
11010011010
1232111 (base 4) to base 16
1b95
Convert -10101111 (base 2) to base 8.
-257
What is -1435 (base 10) in base 15?
-65a
What is -6143 (base 8) in base 6?
-22403
-726 (base 9) to base 4
-21033
Convert 3343002 (base 5) to base 13.
20bb3
-ba (base 14) to base 9
-202
Convert -2c1d (base 14) to base 13.
-3772
-475 (base 9) to base 11
-327
Convert -347 (base 15) to base 6.
-3234
-1005 (base 7) to base 5
-2343
What is 4521 (base 7) in base 10?
1632
-563 (base 9) to base 6
-2050
Convert -300001 (base 6) to base 13.
-a807
What is 11552 (base 7) in base 9?
4132
What is 16515 (base 10) in base 5?
1012030
What is -35364 (base 8) in base 3?
-202200222
What is -313442 (base 5) in base 3?
-112101210
Convert -2106 (base 7) to base 9.
-1013
-11111110000010 (base 2) to base 13
-7528
What is 2140 (base 6) in base 13?
2bb
Convert 13210 (base 4) to base 6.
2124
What is 1 (base 5) in base 11?
1
Convert 52d3 (base 14) to base 12.
8335
What is 1810 (base 11) in base 16?
906
What is 237 (base 11) in base 9?
343
Convert -230 (base 11) to base 16.
-113
-79 (base 12) to base 9
-113
What is -3305 (base 7) in base 13?
-6cb
Convert 1330312 (base 4) to base 8.
17466
Convert 333c (base 14) to base 6.
105030
7dd (base 15) to base 2
11011110111
357 (base 10) to base 9
436
Convert 34360 (base 7) to base 2.
10001000111100
Convert -4236 (base 16) to base 11.
-1180a
Convert 1751 (base 8) to base 11.
830
What is 3733 (base 13) in base 7?
31534
What is -33382 (base 11) in base 14?
-138ad
What is -12300 (base 4) in base 5?
-3212
Convert -2725 (base 10) to base 12.
-16b1
-14d6 (base 15) to base 7
-16023
What is -1032201 (base 4) in base 12?
-2aa9
17304 (base 12) to base 15
9ccd
Convert -481 (base 10) to base 16.
-1e1
-101111110101111 (base 2) to base 11
-17449
What is 852 (base 9) in base 16?
2b7
What is 3c85 (base 15) in base 12?
75b2
Convert 4441 (base 7) to base 9.
2164
What is -4785 (base 9) in base 14?
-1424
7510 (base 8) to base 5
111122
-b22 (base 13) to base 5
-30022
What is 18b (base 15) in base 8?
544
-18191 (base 13) to base 8
-132530
27a (base 13) to base 8
667
-1929 (base 14) to base 15
-1530
Convert 14b (base 15) to base 12.
208
350 (base 10) to base 2
101011110
What is -52 (base 13) in base 9?
-74
What is -2107 (base 8) in base 14?
-583
Convert 94c (base 16) to base 3.
10021011
75466 (base 9) to base 7
265434
Convert 65233 (base 9) to base 3.
2012021010
What is -4765 (base 10) in base 6?
-34021
Convert 427 (base 9) to base 4.
11131
1113 (base 8) to base 12
40b
What is -3331 (base 4) in base 12?
-191
Convert -2010022 (base 3) to base 11.
-1187
What is -121002122 (base 3) in base 4?
-2313113
What is 105545 (base 8) in base 4?
20231211
Convert -32003 (base 4) to base 13.
-542
What is 268 (base 13) in base 5?
3144
-2b68 (base 13) to base 16
-18c3
-13564 (base 8) to base 3
-22020101
4163 (base 7) to base 10
1466
What is 3619 (base 16) in base 6?
144041
What is -12100101 (base 4) in base 7?
-134454
-11aa (base 14) to base 9
-4213
-100233323 (base 4) to base 9
-114085
-2a44 (base 11) to base 4
-331100
b46 (base 15) to base 8
4755
Convert -1122152 (base 6) to base 13.
-2024c
-17611 (base 8) to base 5
-224243
What is -251 (base 13) in base 11?
-338
Convert -222211 (base 4) to base 6.
-20341
10483 (base 10) to base 5
313413
What is -3906 (base 14) in base 15?
-2e6c
-33c (base 13) to base 15
-273
13385 (base 9) to base 12
52b8
1801 (base 9) to base 15
61d
Convert 21a6 (base 12) to base 7.
13602
-23413 (base 6) to base 3
-11122200
Convert -a01b (base 12) to base 7.
-101306
112002 (base 3) to base 13
233
What is 122165 (base 7) in base 9?
33638
-2020210 (base 4) to base 16
-2224
Convert 8d (base 15) to base 9.
157
What is -11110001010 (base 2) in base 3?
-2122111
Convert -5403 (base 8) to base 13.
-138b
What is -1284 (base 15) in base 14?
-1621
-5311 (base 11) to base 5
-211110
Convert -112 (base 11) to base 12.
-b2
What is 24332 (base 5) in base 4?
130302
25155 (base 6) to base 14
1515
What is -101011001 (base 2) in base 5?
-2340
What is 154353 (base 6) in base 2?
11101110011101
1f8 (base 16) to base 11
419
2a985 (base 11) to base 15
ce84
What is 23434 (base 5) in base 16?
6d0
What is 6cc7 (base 16) in base 3?
1102012101
Convert -5143 (base 16) to base 5.
-1131203
Convert -4d38 (base 15) to base 4.
-10001132
Convert 1110000010010 (base 2) to base 7.
26644
-3a46 (base 16) to base 12
-8772
10011100011 (base 2) to base 13
753
15083 (base 10) to base 11
10372
2220032 (base 4) to base 11
80a8
12b9a (base 12) to base 3
1022112001
-1110000111111 (base 2) to base 16
-1c3f
Convert -9972 (base 13) to base 16.
-538b
What is 404 (base 13) in base 11?
569
Convert -1200205 (base 6) to base 16.
-f34d
Convert 21600 (base 9) to base 8.
34001
Convert 148 (base 11) to base 6.
445
What is 162611 (base 7) in base 2?
111110111001001
Convert -2485 (base 12) to base 2.
-1000000100101
What is -534 (base 8) in base 13?
-20a
34173 (base 9) to base 12
111b6
-6bb4 (base 14) to base 3
-221202111
What is 1240 (base 6) in base 16?
138
What is 2012 (base 9) in base 12?
a25
-202 (base 15) to base 14
-244
What is -12a (base 13) in base 6?
-541
What is 3b3 (base 15) in base 7?
2313
What is 104035 (base 6) in base 11?
6566
-403 (base 12) to base 14
-2d5
-7a9 (base 12) to base 14
-5b3
Convert -10302 (base 4) to base 12.
-216
Convert 11011 (base 12) to base 2.
101011111001101
-3 (base 7) to base 12
-3
Convert 4032 (base 5) to base 3.
201011
What is 443a (base 11) in base 3?
22000201
Convert 6ab6 (base 14) to base 11.
12a65
What is -201 (base 13) in base 11?
-289
What is 23a3 (base 11) in base 10?
3138
3567 (base 9) to base 10
2653
233 (base 13) to base 12
278
Convert 20211 (base 4) to base 8.
1045
Convert -1b7 (base 13) to base 16.
-13f
What is 30000 (base 10) in base 5?
1430000
What is 223651 (base 8) in base 6?
1342225
Convert 2a7 (base 13) to base 2.
111011011
Convert 2226 (base 12) to base 16.
ebe
What is 87 (base 13) in base 9?
133
Convert -1101100010001011 (base 2) to base 3.
-2211001011
Convert 35475 (base 8) to base 4.
3230331
What is 9cc (base 15) in base 2?
100010101001
Convert a27a (base 14) to base 15.
842a
211102 (base 3) to base 12
425
What is 1000100 (base 2) in base 6?
152
Convert -13818 (base 10) to base 2.
-11010111